{"id":2410,"date":"2025-09-02T16:08:42","date_gmt":"2025-09-02T16:08:42","guid":{"rendered":"http:\/\/www.wins-lip.ca\/?page_id=2410"},"modified":"2026-03-02T09:15:33","modified_gmt":"2026-03-02T17:15:33","slug":"francophone-services","status":"publish","type":"page","link":"http:\/\/www.wins-lip.ca\/index.php\/francophone-services\/","title":{"rendered":"Francophone Services \ud83d\udd39"},"content":{"rendered":"\n<p><\/p>\n\n\n\n<hr class=\"wp-block-separator has-alpha-channel-opacity\"\/>\n\n\n\n<h2 class=\"wp-block-heading has-medium-font-size\" id=\"Francophoneservices\"><a href=\"https:\/\/www.ffcb.ca\/\">La F\u00e9d\u00e9ration des francophones de la Colombie-Britannique<\/a><\/h2>\n\n\n\n<figure class=\"wp-block-image size-full is-resized\"><img loading=\"lazy\" decoding=\"async\" width=\"266\" height=\"180\" src=\"http:\/\/www.wins-lip.ca\/wp-content\/uploads\/2025\/09\/OIP-1.webp\" alt=\"\" class=\"wp-image-2412\" style=\"width:115px;height:auto\"\/><\/figure>\n\n\n\n<hr class=\"wp-block-separator has-alpha-channel-opacity\"\/>\n\n\n\n<h2 class=\"wp-block-heading has-medium-font-size\"><a href=\"https:\/\/rifcb.ca\/services-en-francais\/#repertoire-organismes\" data-type=\"link\" data-id=\"https:\/\/rifcb.ca\/services-en-francais\/#repertoire-organismes\">Services en fran\u00e7ais en Colombie-Britannique pour les immigrants<\/a><\/h2>\n\n\n\n<figure class=\"wp-block-image size-full is-resized\"><img loading=\"lazy\" decoding=\"async\" width=\"315\" height=\"180\" src=\"http:\/\/www.wins-lip.ca\/wp-content\/uploads\/2025\/09\/OIP.webp\" alt=\"\" class=\"wp-image-2411\" style=\"width:126px;height:auto\" srcset=\"http:\/\/www.wins-lip.ca\/wp-content\/uploads\/2025\/09\/OIP.webp 315w, http:\/\/www.wins-lip.ca\/wp-content\/uploads\/2025\/09\/OIP-300x171.webp 300w\" sizes=\"auto, (max-width: 315px) 100vw, 315px\" \/><\/figure>\n\n\n\n<hr class=\"wp-block-separator has-alpha-channel-opacity\"\/>\n\n\n\n<h2 class=\"wp-block-heading has-medium-font-size\" id=\"w-node-_2b509be3-5d10-2f2a-7cd4-6926a79b1361-ed03348c\"><a href=\"https:\/\/www.lerelaisfrancophone.ca\/\">Votre guide pour une installation r\u00e9ussie<br>en Colombie-Britannique<\/a><\/h2>\n\n\n\n<figure class=\"wp-block-image size-full is-resized\"><img loading=\"lazy\" decoding=\"async\" width=\"129\" height=\"97\" src=\"http:\/\/www.wins-lip.ca\/wp-content\/uploads\/2020\/10\/lerelais.png\" alt=\"\" class=\"wp-image-1640\" style=\"width:109px;height:auto\"\/><\/figure>\n\n\n\n<hr class=\"wp-block-separator has-alpha-channel-opacity\"\/>\n\n\n\n<h2 class=\"wp-block-heading has-medium-font-size\"><a href=\"https:\/\/www.csf.bc.ca\/\">&nbsp;Conseil scolaire francophone de la Colombie Britannique<\/a><\/h2>\n\n\n\n<figure class=\"wp-block-image size-large is-resized\"><img loading=\"lazy\" decoding=\"async\" width=\"1024\" height=\"1024\" src=\"http:\/\/www.wins-lip.ca\/wp-content\/uploads\/2025\/09\/csf-1024x1024.jpg\" alt=\"\" class=\"wp-image-2418\" style=\"width:103px;height:auto\" srcset=\"http:\/\/www.wins-lip.ca\/wp-content\/uploads\/2025\/09\/csf-1024x1024.jpg 1024w, http:\/\/www.wins-lip.ca\/wp-content\/uploads\/2025\/09\/csf-300x300.jpg 300w, http:\/\/www.wins-lip.ca\/wp-content\/uploads\/2025\/09\/csf-150x150.jpg 150w, http:\/\/www.wins-lip.ca\/wp-content\/uploads\/2025\/09\/csf-768x768.jpg 768w, http:\/\/www.wins-lip.ca\/wp-content\/uploads\/2025\/09\/csf-850x850.jpg 850w, http:\/\/www.wins-lip.ca\/wp-content\/uploads\/2025\/09\/csf.jpg 1304w\" sizes=\"auto, (max-width: 1024px) 100vw, 1024px\" \/><\/figure>\n","protected":false},"excerpt":{"rendered":"<p>La F\u00e9d\u00e9ration des francophones de la Colombie-Britannique Services en fran\u00e7ais en Colombie-Britannique pour les immigrants Votre guide pour une installation r\u00e9ussieen Colombie-Britannique &nbsp;Conseil scolaire francophone de la Colombie Britannique<\/p>\n","protected":false},"author":4,"featured_media":0,"parent":0,"menu_order":0,"comment_status":"closed","ping_status":"closed","template":"","meta":{"_EventAllDay":false,"_EventTimezone":"","_EventStartDate":"","_EventEndDate":"","_EventStartDateUTC":"","_EventEndDateUTC":"","_EventShowMap":false,"_EventShowMapLink":false,"_EventURL":"","_EventCost":"","_EventCostDescription":"","_EventCurrencySymbol":"","_EventCurrencyCode":"","_EventCurrencyPosition":"","_EventDateTimeSeparator":"","_EventTimeRangeSeparator":"","_EventOrganizerID":[],"_EventVenueID":[],"_OrganizerEmail":"","_OrganizerPhone":"","_OrganizerWebsite":"","_VenueAddress":"","_VenueCity":"","_VenueCountry":"","_VenueProvince":"","_VenueState":"","_VenueZip":"","_VenuePhone":"","_VenueURL":"","_VenueStateProvince":"","_VenueLat":"","_VenueLng":"","_VenueShowMap":false,"_VenueShowMapLink":false,"footnotes":""},"class_list":["post-2410","page","type-page","status-publish","hentry"],"featured_image_url":[],"post_author":"Maylen Crespo","assigned_categories":"","_links":{"self":[{"href":"http:\/\/www.wins-lip.ca\/index.php\/wp-json\/wp\/v2\/pages\/2410","targetHints":{"allow":["GET"]}}],"collection":[{"href":"http:\/\/www.wins-lip.ca\/index.php\/wp-json\/wp\/v2\/pages"}],"about":[{"href":"http:\/\/www.wins-lip.ca\/index.php\/wp-json\/wp\/v2\/types\/page"}],"author":[{"embeddable":true,"href":"http:\/\/www.wins-lip.ca\/index.php\/wp-json\/wp\/v2\/users\/4"}],"replies":[{"embeddable":true,"href":"http:\/\/www.wins-lip.ca\/index.php\/wp-json\/wp\/v2\/comments?post=2410"}],"version-history":[{"count":10,"href":"http:\/\/www.wins-lip.ca\/index.php\/wp-json\/wp\/v2\/pages\/2410\/revisions"}],"predecessor-version":[{"id":3433,"href":"http:\/\/www.wins-lip.ca\/index.php\/wp-json\/wp\/v2\/pages\/2410\/revisions\/3433"}],"wp:attachment":[{"href":"http:\/\/www.wins-lip.ca\/index.php\/wp-json\/wp\/v2\/media?parent=2410"}],"curies":[{"name":"wp","href":"https:\/\/api.w.org\/{rel}","templated":true}]}}